sands digit of 13159?
3
What is the hundreds digit of 3020?
0
What is the thousands digit of 109619?
9
What is the hundreds digit of 2917?
9
What is the tens digit of 448?
4
What is the thousands digit of 9305?
9
What is the hundreds digit of 18180?
1
What is the tens digit of 2777?
7
What is the ten thousands digit of 19865?
1
What is the ten thousands digit of 88299?
8
What is the units digit of 1019?
9
What is the tens digit of 6352?
5
What is the thousands digit of 1615?
1
What is the units digit of 252?
2
What is the units digit of 1718?
8
What is the tens digit of 366?
6
What is the hundreds digit of 223?
2
What is the hundreds digit of 13458?
4
What is the units digit of 76588?
8
What is the hundreds digit of 5889?
8
What is the tens digit of 606?
0
What is the tens digit of 29844?
4
What is the tens digit of 101?
0
What is the thousands digit of 1351?
1
What is the units digit of 963?
3
What is the hundreds digit of 42472?
4
What is the thousands digit of 21395?
1
What is the units digit of 19515?
5
What is the units digit of 18012?
2
What is the hundreds digit of 390?
3
What is the ten thousands digit of 51510?
5
What is the hundreds digit of 751?
7
What is the hundreds digit of 5754?
7
What is the thousands digit of 5053?
5
What is the ten thousands digit of 14904?
1
What is the units digit of 3202?
2
What is the tens digit of 109132?
3
What is the units digit of 1570?
0
What is the thousands digit of 2311?
2
What is the tens digit of 21732?
3
What is the tens digit of 4797?
9
What is the hundreds digit of 29844?
8
What is the ten thousands digit of 53015?
5
What is the tens digit of 8439?
3
What is the tens digit of 52765?
6
What is the ten thousands digit of 74771?
7
What is the hundreds digit of 9989?
9
What is the hundreds digit of 18287?
2
What is the hundreds digit of 65777?
7
What is the ten thousands digit of 80913?
8
What is the hundreds digit of 13860?
8
What is the units digit of 5275?
5
What is the units digit of 1354?
4
What is the units digit of 21875?
5
What is the units digit of 48633?
3
What is the tens digit of 9732?
3
What is the hundreds digit of 909?
9
What is the thousands digit of 26251?
6
What is the tens digit of 25545?
4
What is the ten thousands digit of 16070?
1
What is the units digit of 12063?
3
What is the units digit of 3635?
5
What is the tens digit of 630?
3
What is the thousands digit of 8198?
8
What is the hundreds digit of 614?
6
What is the units digit of 790?
0
What is the units digit of 22238?
8
What is the thousands digit of 53933?
3
What is the thousands digit of 19990?
9
What is the tens digit of 6152?
5
What is the units digit of 137?
7
What is the thousands digit of 28095?
8
What is the thousands digit of 20219?
0
What is the thousands digit of 27043?
7
What is the units digit of 9928?
8
What is the units digit of 3351?
1
What is the thousands digit of 3432?
3
What is the units digit of 9840?
0
What is the tens digit of 447?
4
What is the tens digit of 2531?
3
What is the hundred thousands digit of 101305?
1
What is the tens digit of 27004?
0
What is the tens digit of 188?
8
What is the hundreds digit of 6335?
3
What is the tens digit of 30883?
8
What is the tens digit of 6881?
8
What is the units digit of 2935?
5
What is the hundreds digit of 13614?
6
What is the hundreds digit of 2299?
2
What is the thousands digit of 11793?
1
What is the units digit of 483?
3
What is the tens digit of 769?
6
What is the hundreds digit of 871?
8
What is the hundreds digit of 433?
4
What is the units digit of 789?
9
What is the hundreds digit of 1362?
3
What is the thousands digit of 4846?
4
What is the units digit of 12107?
7
What is the tens digit of 24182?
8
What is the units digit of 26439?
9
What is the hundreds digit of 44812?
8
What is the thousands digit of 2188?
2
What is the hundreds digit of 2948?
9
What is the hundreds digit of 1478?
4
What is the ten thousands digit of 30831?
3
What is the hundreds digit of 1281?
2
What is the units digit of 47002?
2
What is the thousands digit of 14956?
4
What is the hundreds digit of 2755?
7
What is the units digit of 3516?
6
What is the thousands digit of 2802?
2
What is the tens digit of 1527?
2
What is the thousands digit of 2098?
2
What is the hundreds digit of 2715?
7
What is the units digit of 1446?
6
What is the ten thousands digit of 32812?
3
What is the tens digit of 29921?
2
What is the thousands digit of 3366?
3
What is the tens digit of 225?
2
What is the thousands digit of 81450?
1
What is the hundreds digit of 82745?
7
What is the hundreds digit of 102997?
9
What is the units digit of 1364?
4
What is the hundreds digit of 374?
3
What is the units digit of 245?
5
What is the hundreds digit of 2684?
6
What is the hundreds digit of 1894?
8
What is the ten thousands digit of 29853?
2
What is the tens digit of 10424?
2
What is the tens digit of 17868?
6
What is the units digit of 2476?
6
What is the tens digit of 2255?
5
What is the tens digit of 18021?
2
What is the units digit of 12210?
0
What is the units digit of 8511?
1
What is the tens digit of 2156?
5
What is the units digit of 6996?
6
What is the units digit of 8086?
6
What is the units digit of 815?
5
What is the hundreds digit of 8198?
1
What is the hundreds digit of 17786?
7
What is the units digit of 28757?
7
What is the hundreds digit of 81278?
2
What is the tens digit of 44848?
4
What is the units digit of 886?
6
What is the units digit of 109?
9
What is the hundreds digit of 497?
4
What is the units digit of 24135?
5
What is the tens digit of 151?
5
What is the tens digit of 1053?
5
What is the tens digit of 5235?
3
What is the tens digit of 468?
6
What is the units digit of 213?
3
What is the tens digit of 1157?
5
What is the tens digit of 9072?
7
What is the units digit of 1390?
0
What is the units digit of 287?
7
What is the units digit of 952?
2
What is the hundreds digit of 5552?
5
What is the units digit of 1193?
3
What is the tens digit of 1500?
0
What is the hundreds digit of 10711?
7
What is the units digit of 263?
3
What is the units digit of 2030?
0
What is the thousands digit of 12355?
2
What is the hundreds digit of 5354?
3
What is the hundreds digit of 8001?
0
What is the thousands digit of 2535?
2
What is the ten thousands digit of 14796?
1
What is the tens digit of 3933?
3
What is the tens digit of 117433?
3
What is the ten thousands digit of 10263?
1
What is the hundreds digit of 46397?
3
What is the hundreds digit of 355?
3
What is the hundreds digit of 2270?
2
What is the hundreds digit of 47059?
0
What is the units digit of 362?
2
What is the tens digit of 10452?
5
What is the units digit of 2177?
7
What is the hundreds digit of 9615?
6
What is the hundreds digit of 3788?
7
What is the tens digit of 1881?
8
What is the thousands digit of 57873?
7
What is the hundreds digit of 663?
6
What is the thousands digit of 4765?
4
What is the ten thousands digit of 13848?
1
What is the units digit of 43245?
5
What is the tens digit of 4052?
5
What is the ten thousands digit of 43911?
4
What is the tens digit of 11178?
7
What is the tens digit of 19539?
3
What is the hundreds digit of 45195?
1
What is the tens digit of 815?
1
What is the units digit of 66055?
5
What is the thousands digit of 8956?
8
What is the units digit of 1570?
0
What is the thousands digit of 8409?
8
What is the hundreds digit of 1390?
3
What is the units digit of 14?
4
What is the units digit of 9111?
1
What is the hundreds digit of 801?
8
What is the hundreds digit of 1410?
4
What is the tens digit of 3900?
0
What is the thousands digit of 31367?
1
What is the units digit of 1135?
5
What is the tens digit of 23501?
0
What is the tens digit of 30703?
0
What is the ten thousands digit of 45166?
4
What is the tens digit of 7316?
1
What is the tens digit of 7690?
9
What is the hundreds digit of 14137?
1
What is the units digit of 2324?
4
What is the units digit of 8?
8
What is the tens digit of 1044?
4
What is the units digit of 18283?
3
What is the thousands digit of 1322?
1
What is the hundreds digit of 65772?
7
What is the thousands digit of 5386?
5
What is the thousands digit of 4262?
4
What is the tens digit of 7766?
6
What is the tens digit of 3346?
4
What is the thousands digit of 55342?
5
Wha